{"id":721,"date":"2022-03-13T00:57:45","date_gmt":"2022-03-13T00:57:45","guid":{"rendered":"https:\/\/nra.pt\/?page_id=721"},"modified":"2022-03-21T21:39:02","modified_gmt":"2022-03-21T21:39:02","slug":"cr500tb","status":"publish","type":"page","link":"https:\/\/nra.pt\/index.php\/cr500tb\/","title":{"rendered":"CR500TB"},"content":{"rendered":"\n<div class=\"wp-block-image is-style-default\"><figure class=\"aligncenter size-full\"><img loading=\"lazy\" decoding=\"async\" width=\"398\" height=\"256\" src=\"https:\/\/nra.pt\/wp-content\/uploads\/2022\/03\/cr500tb.jpg\" alt=\"\" class=\"wp-image-1108\" srcset=\"https:\/\/nra.pt\/wp-content\/uploads\/2022\/03\/cr500tb.jpg 398w, https:\/\/nra.pt\/wp-content\/uploads\/2022\/03\/cr500tb-300x193.jpg 300w\" sizes=\"auto, (max-width: 398px) 100vw, 398px\" \/><\/figure><\/div>\n\n\n\n<p class=\"has-text-align-center\"><strong>Dia Internacional dos Monumentos e S\u00edtios<\/strong><\/p>\n\n\n\n<p class=\"has-text-align-center\"><strong>(18 de Abril de 2014)<\/strong><\/p>\n\n\n\n<p>Um monumento \u00e9 uma estrutura constru\u00edda por motivos simb\u00f3licos e\/ou comemorativos, mais do que para uma utiliza\u00e7\u00e3o de ordem funcional, ele visa perpetuar a mem\u00f3ria sobre actos passados. Para tal o ICOMOS &#8211; Conselho Internacional dos Monumentos e S\u00edtios criou em 18 de Abril de 1982 o DIMS \u2013 Dia Internacional dos Monumentos e S\u00edtios, o qual foi aprovado pela UNESCO na sua 22\u00aa sess\u00e3o, em Novembro de 1983. Desde ent\u00e3o, em 18 de Abril comemora-se um pouco por todo o mundo o Dia Internacional dos Monumentos e S\u00edtios. Neste dia pretende-se dar visibilidade aos monumentos e s\u00edtios arqueol\u00f3gicos, bairros hist\u00f3ricos, etc \u2026 enfim a lugares de mem\u00f3ria!<br>Tendo em conta que este ano de 2014 marca o centen\u00e1rio da WWI \u2013 e porque de mem\u00f3ria se trata \u2013 as comemora\u00e7\u00f5es do DIMS ter\u00e3o este lugar sob o tema Lugares de Mem\u00f3ria e realizam-se em Portugal, de 12 a 20 de Abril.<\/p>\n\n\n\n<p>A pol\u00edtica naval portuguesa do s\u00e9culo XVI e o progresso das viagens mar\u00edtimas fizeram do porto de Lisboa uma paragem obrigat\u00f3ria para os que navegavam nas rotas do com\u00e9rcio internacional. Proteger Lisboa e a sua barra tornou-se uma necessidade pelo que o rei D. Jo\u00e3o II (1455-1495) teve a iniciativa de tra\u00e7ar um plano inovador e eficaz, que consistia na forma\u00e7\u00e3o de uma defesa tripartida entre o baluarte de Cascais, a fortaleza de S. Sebasti\u00e3o da Caparica, na outra margem do rio, e uma terceira fortaleza que, devido \u00e0 sua morte, coube a D. Manuel I, seu sucessor, a tarefa de mandar construir. Foi assim, a cargo do Mestre Francisco Arruda, constru\u00edda a Torre de Bel\u00e9m, de seu verdadeiro nome \u201cTorre de S. Vicente\u201d \u2013 em homenagem ao santo patrono da cidade de Lisboa.<br>A Torre de Bel\u00e9m \u00e9 um referente do Portugal Atl\u00e2ntico e perif\u00e9rico e embora ancorada no Tejo, e armada durante s\u00e9culos com artilharia fixa, remete-nos para a viagem, para o querer, para o \u00eaxodo, para o nomadismo do Homem Portugu\u00eas pelo Mundo repartido, e para o pioneirismo dos nossos seculares contactos de cultura nos v\u00e1rios espa\u00e7os insulares e continentais.<\/p>\n\n\n\n<p>O NRA, no seguimento da sua actividade radioamador\u00edstica, encontra no texto acima todo o cabimento e justifica\u00e7\u00e3o para se associar \u00e0 comemora\u00e7\u00e3o do Dia Internacional dos Monumentos e S\u00edtios.<br>\u00c9 assim que o N\u00facleo de Radioamadores da Armada, associando-se ao DIMS, executar\u00e1 no pr\u00f3ximo dia 18 de Abril de2014, a primeira activa\u00e7\u00e3o da \u201cTorre de Bel\u00e9m\u201d.<\/p>\n\n\n\n<p>Operadores:<\/p>\n\n\n\n<ul class=\"wp-block-list\"><li>CT1CZT &#8211; Ant\u00f3nio Gamito (SSB)<\/li><li>CT1DIZ &#8211; Jos\u00e9 Barbosa (SSB)<\/li><li>CT1GZB &#8211; Jos\u00e9 Lu\u00eds (SSB)<\/li><li>CT1ELZ \u2013 Manuel Pires (CW)<\/li><li>CT1DRB \u2013 David Quental (CW)<\/li><li>CT4GN \u2013 Rafael Costa (CW)<\/li><li>CT1ETL &#8211; Miguel Andrade (FM VHF)<\/li><\/ul>\n\n\n\n<p>Bandas 80\/40\/20\/15\/10 e 2m<\/p>\n\n\n\n<p>QTH Locator IM58KJ<\/p>\n\n\n\n<table style=\"width: 100%;\">\n    <tr style=\"text-align: center;border: 1px solid #dddddd;background-color: #999999;\">\n        <th colspan=\"3\" style=\"text-align: center;\"><strong>Refer\u00eancias v\u00e1lidas para esta atividade<\/strong><\/th>\n    <\/tr>\n    <tr style=\"background-color: #999999;\">\n        <th style=\"text-align: center;border: 1px solid #dddddd;\">Acr\u00f3nimo<\/th>\n        <th style=\"text-align: center;border: 1px solid #dddddd;\">Refer\u00eancia<\/th>\n        <th style=\"text-align: center;border: 1px solid #dddddd;\">Designa\u00e7\u00e3o<\/th>\n    <\/tr>\n    <tr>\n        <td style=\"text-align: center;border: 1px solid #dddddd;\">DMHP<\/td>\n        <td style=\"text-align: center;border: 1px solid #dddddd;\">LX-005<\/td>\n        <td style=\"text-align: center;border: 1px solid #dddddd;\">Diploma dos Monumentos Hist\u00f3ricos Portugueses<\/td>\n    <\/tr>\n    <tr>\n        <td style=\"text-align: center;border: 1px solid #dddddd;\">DDFD<\/td>\n        <td style=\"text-align: center;border: 1px solid #dddddd;\">LSB-015<\/td>\n        <td style=\"text-align: center;border: 1px solid #dddddd;\">Diploma de Divulga\u00e7\u00e3o das Freguesias Portuguesas<\/td>\n    <\/tr>\n    <tr>\n        <td style=\"text-align: center;border: 1px solid #dddddd;\">DMP<\/td>\n        <td style=\"text-align: center;border: 1px solid #dddddd;\">DMP-1106<\/td>\n        <td style=\"text-align: center;border: 1px solid #dddddd;\">Diploma dos Munic\u00edpios Portugueses<\/td>\n    <\/tr>    \n        <tr>\n        <td style=\"text-align: center;border: 1px solid #dddddd;\">WCA<\/td>\n        <td style=\"text-align: center;border: 1px solid #dddddd;\">CT-00254<\/td>\n        <td style=\"text-align: center;border: 1px solid #dddddd;\">Diploma Mundial dos Castelos<\/td>\n    <\/tr>\n    <tr>\n        <td style=\"text-align: center;border: 1px solid #dddddd;\">DCFP<\/td>\n        <td style=\"text-align: center;border: 1px solid #dddddd;\">F-078<\/td>\n        <td style=\"text-align: center;border: 1px solid #dddddd;\">Diploma dos Castelos e Fortalezas de Portugal<\/td>\n    <\/tr>       \n<\/table>\n","protected":false},"excerpt":{"rendered":"<p>Dia Internacional dos Monumentos e S\u00edtios (18 de Abril de 2014) Um monumento \u00e9 uma estrutura constru\u00edda por motivos simb\u00f3licos<\/p>\n","protected":false},"author":1,"featured_media":0,"parent":0,"menu_order":0,"comment_status":"closed","ping_status":"closed","template":"","meta":{"colormag_page_container_layout":"default_layout","colormag_page_sidebar_layout":"default_layout","footnotes":""},"class_list":["post-721","page","type-page","status-publish","hentry"],"publishpress_future_workflow_manual_trigger":{"enabledWorkflows":[]},"_links":{"self":[{"href":"https:\/\/nra.pt\/index.php\/wp-json\/wp\/v2\/pages\/721","targetHints":{"allow":["GET"]}}],"collection":[{"href":"https:\/\/nra.pt\/index.php\/wp-json\/wp\/v2\/pages"}],"about":[{"href":"https:\/\/nra.pt\/index.php\/wp-json\/wp\/v2\/types\/page"}],"author":[{"embeddable":true,"href":"https:\/\/nra.pt\/index.php\/wp-json\/wp\/v2\/users\/1"}],"replies":[{"embeddable":true,"href":"https:\/\/nra.pt\/index.php\/wp-json\/wp\/v2\/comments?post=721"}],"version-history":[{"count":7,"href":"https:\/\/nra.pt\/index.php\/wp-json\/wp\/v2\/pages\/721\/revisions"}],"predecessor-version":[{"id":1122,"href":"https:\/\/nra.pt\/index.php\/wp-json\/wp\/v2\/pages\/721\/revisions\/1122"}],"wp:attachment":[{"href":"https:\/\/nra.pt\/index.php\/wp-json\/wp\/v2\/media?parent=721"}],"curies":[{"name":"wp","href":"https:\/\/api.w.org\/{rel}","templated":true}]}}

<div class="wp-block-image is-style-default"><figure class="aligncenter size-full"><img loading="lazy" decoding="async" width="398" height="256" src="https://nra.pt/wp-content/uploads/2022/03/cr500tb.jpg" alt="" class="wp-image-1108" srcset="https://nra.pt/wp-content/uploads/2022/03/cr500tb.jpg 398w, https://nra.pt/wp-content/uploads/2022/03/cr500tb-300x193.jpg 300w" sizes="auto, (max-width: 398px) 100vw, 398px" /></figure></div>



<p class="has-text-align-center"><strong>Dia Internacional dos Monumentos e Sítios</strong></p>



<p class="has-text-align-center"><strong>(18 de Abril de 2014)</strong></p>



<p>Um monumento é uma estrutura construída por motivos simbólicos e/ou comemorativos, mais do que para uma utilização de ordem funcional, ele visa perpetuar a memória sobre actos passados. Para tal o ICOMOS &#8211; Conselho Internacional dos Monumentos e Sítios criou em 18 de Abril de 1982 o DIMS – Dia Internacional dos Monumentos e Sítios, o qual foi aprovado pela UNESCO na sua 22ª sessão, em Novembro de 1983. Desde então, em 18 de Abril comemora-se um pouco por todo o mundo o Dia Internacional dos Monumentos e Sítios. Neste dia pretende-se dar visibilidade aos monumentos e sítios arqueológicos, bairros históricos, etc … enfim a lugares de memória!<br>Tendo em conta que este ano de 2014 marca o centenário da WWI – e porque de memória se trata – as comemorações do DIMS terão este lugar sob o tema Lugares de Memória e realizam-se em Portugal, de 12 a 20 de Abril.</p>



<p>A política naval portuguesa do século XVI e o progresso das viagens marítimas fizeram do porto de Lisboa uma paragem obrigatória para os que navegavam nas rotas do comércio internacional. Proteger Lisboa e a sua barra tornou-se uma necessidade pelo que o rei D. João II (1455-1495) teve a iniciativa de traçar um plano inovador e eficaz, que consistia na formação de uma defesa tripartida entre o baluarte de Cascais, a fortaleza de S. Sebastião da Caparica, na outra margem do rio, e uma terceira fortaleza que, devido à sua morte, coube a D. Manuel I, seu sucessor, a tarefa de mandar construir. Foi assim, a cargo do Mestre Francisco Arruda, construída a Torre de Belém, de seu verdadeiro nome “Torre de S. Vicente” – em homenagem ao santo patrono da cidade de Lisboa.<br>A Torre de Belém é um referente do Portugal Atlântico e periférico e embora ancorada no Tejo, e armada durante séculos com artilharia fixa, remete-nos para a viagem, para o querer, para o êxodo, para o nomadismo do Homem Português pelo Mundo repartido, e para o pioneirismo dos nossos seculares contactos de cultura nos vários espaços insulares e continentais.</p>



<p>O NRA, no seguimento da sua actividade radioamadorística, encontra no texto acima todo o cabimento e justificação para se associar à comemoração do Dia Internacional dos Monumentos e Sítios.<br>É assim que o Núcleo de Radioamadores da Armada, associando-se ao DIMS, executará no próximo dia 18 de Abril de2014, a primeira activação da “Torre de Belém”.</p>



<p>Operadores:</p>



<ul class="wp-block-list"><li>CT1CZT &#8211; António Gamito (SSB)</li><li>CT1DIZ &#8211; José Barbosa (SSB)</li><li>CT1GZB &#8211; José Luís (SSB)</li><li>CT1ELZ – Manuel Pires (CW)</li><li>CT1DRB – David Quental (CW)</li><li>CT4GN – Rafael Costa (CW)</li><li>CT1ETL &#8211; Miguel Andrade (FM VHF)</li></ul>



<p>Bandas 80/40/20/15/10 e 2m</p>



<p>QTH Locator IM58KJ</p>



<table style="width: 100%;">
    <tr style="text-align: center;border: 1px solid #dddddd;background-color: #999999;">
        <th colspan="3" style="text-align: center;"><strong>Referências válidas para esta atividade</strong></th>
    </tr>
    <tr style="background-color: #999999;">
        <th style="text-align: center;border: 1px solid #dddddd;">Acrónimo</th>
        <th style="text-align: center;border: 1px solid #dddddd;">Referência</th>
        <th style="text-align: center;border: 1px solid #dddddd;">Designação</th>
    </tr>
    <tr>
        <td style="text-align: center;border: 1px solid #dddddd;">DMHP</td>
        <td style="text-align: center;border: 1px solid #dddddd;">LX-005</td>
        <td style="text-align: center;border: 1px solid #dddddd;">Diploma dos Monumentos Históricos Portugueses</td>
    </tr>
    <tr>
        <td style="text-align: center;border: 1px solid #dddddd;">DDFD</td>
        <td style="text-align: center;border: 1px solid #dddddd;">LSB-015</td>
        <td style="text-align: center;border: 1px solid #dddddd;">Diploma de Divulgação das Freguesias Portuguesas</td>
    </tr>
    <tr>
        <td style="text-align: center;border: 1px solid #dddddd;">DMP</td>
        <td style="text-align: center;border: 1px solid #dddddd;">DMP-1106</td>
        <td style="text-align: center;border: 1px solid #dddddd;">Diploma dos Municípios Portugueses</td>
    </tr>    
        <tr>
        <td style="text-align: center;border: 1px solid #dddddd;">WCA</td>
        <td style="text-align: center;border: 1px solid #dddddd;">CT-00254</td>
        <td style="text-align: center;border: 1px solid #dddddd;">Diploma Mundial dos Castelos</td>
    </tr>
    <tr>
        <td style="text-align: center;border: 1px solid #dddddd;">DCFP</td>
        <td style="text-align: center;border: 1px solid #dddddd;">F-078</td>
        <td style="text-align: center;border: 1px solid #dddddd;">Diploma dos Castelos e Fortalezas de Portugal</td>
    </tr>       
</table>

<p>Dia Internacional dos Monumentos e Sítios (18 de Abril de 2014) Um monumento é uma estrutura construída por motivos simbólicos</p>
